{"id":2221,"date":"2021-05-25T13:19:14","date_gmt":"2021-05-25T17:19:14","guid":{"rendered":"https:\/\/www.stmarkstpeter.org\/?page_id=2221"},"modified":"2023-02-20T09:20:13","modified_gmt":"2023-02-20T14:20:13","slug":"notre-mission","status":"publish","type":"page","link":"https:\/\/stmarkstpeter.org\/index.php\/notre-mission\/","title":{"rendered":"Notre Mission"},"content":{"rendered":"<p>Notre mission est d\u2019\u00eatre une communaut\u00e9 qui aime Dieu, aimant nos prochains, formant des disciples de J\u00e9sus.<br \/>\n\u2022 Nous aimons Dieu \u00e0 travers notre adoration collective et notre mission.<br \/>\n\u2022 Nous aimons nos voisins \u00e0 l\u2019\u00e9chelle locale et mondiale.<br \/>\n\u2022 Nous travaillons en partenariat avec d\u2019autres communaut\u00e9s, disciples de J\u00e9sus et non-chr\u00e9tiens, \u00e0 en faire un devoir d\u2019aimer nos voisins.<br \/>\n\u2022 Nous formons des disciples de J\u00e9sus, accueillant tous \u00e2ges ; avec c\u0153ur, esprit et \u00e2me. Nous le faisons de plusieurs fa\u00e7ons \u2014 par l\u2019entremise de KidsConnect (\u00e9cole du dimanche pour enfants), notre groupe de jeunes, de groupes \u00e0 domicile (adultes), de groupes de lecture, de programmes de formation comme le cours Alpha ainsi que la participation aux activit\u00e9s de la mission.<\/p>\n<p>&nbsp;<\/p>\n","protected":false},"excerpt":{"rendered":"<p>Notre mission est d\u2019\u00eatre une communaut\u00e9 qui aime Dieu, aimant nos prochains, formant des disciples de J\u00e9sus. \u2022 Nous aimons Dieu \u00e0 travers notre adoration collective et notre mission. \u2022<\/p>\n","protected":false},"author":2,"featured_media":0,"parent":0,"menu_order":0,"comment_status":"closed","ping_status":"closed","template":"","meta":{"footnotes":""},"class_list":["post-2221","page","type-page","status-publish","hentry"],"yoast_head":"<!-- This site is optimized with the Yoast SEO plugin v24.1 - https:\/\/yoast.com\/wordpress\/plugins\/seo\/ -->\r\n<title>Notre Mission - CMP<\/title>\r\n<meta name=\"robots\" content=\"index, follow, max-snippet:-1, max-image-preview:large, max-video-preview:-1\" \/>\r\n<link rel=\"canonical\" href=\"https:\/\/stmarkstpeter.org\/index.php\/notre-mission\/\" \/>\r\n<meta property=\"og:locale\" content=\"en_US\" \/>\r\n<meta property=\"og:type\" content=\"article\" \/>\r\n<meta property=\"og:title\" content=\"Notre Mission - CMP\" \/>\r\n<meta property=\"og:description\" content=\"Notre mission est d\u2019\u00eatre une communaut\u00e9 qui aime Dieu, aimant nos prochains, formant des disciples de J\u00e9sus. \u2022 Nous aimons Dieu \u00e0 travers notre adoration collective et notre mission. \u2022\" \/>\r\n<meta property=\"og:url\" content=\"https:\/\/stmarkstpeter.org\/index.php\/notre-mission\/\" \/>\r\n<meta property=\"og:site_name\" content=\"CMP\" \/>\r\n<meta property=\"article:modified_time\" content=\"2023-02-20T14:20:13+00:00\" \/>\r\n<meta name=\"twitter:card\" content=\"summary_large_image\" \/>\r\n<meta name=\"twitter:label1\" content=\"Est. reading time\" \/>\n\t<meta name=\"twitter:data1\" content=\"1 minute\" \/>\r\n<script type=\"application\/ld+json\" class=\"yoast-schema-graph\">{\"@context\":\"https:\/\/schema.org\",\"@graph\":[{\"@type\":\"WebPage\",\"@id\":\"https:\/\/stmarkstpeter.org\/index.php\/notre-mission\/\",\"url\":\"https:\/\/stmarkstpeter.org\/index.php\/notre-mission\/\",\"name\":\"Notre Mission - CMP\",\"isPartOf\":{\"@id\":\"https:\/\/stmarkstpeter.org\/#website\"},\"datePublished\":\"2021-05-25T17:19:14+00:00\",\"dateModified\":\"2023-02-20T14:20:13+00:00\",\"breadcrumb\":{\"@id\":\"https:\/\/stmarkstpeter.org\/index.php\/notre-mission\/#breadcrumb\"},\"inLanguage\":\"en-CA\",\"potentialAction\":[{\"@type\":\"ReadAction\",\"target\":[\"https:\/\/stmarkstpeter.org\/index.php\/notre-mission\/\"]}]},{\"@type\":\"BreadcrumbList\",\"@id\":\"https:\/\/stmarkstpeter.org\/index.php\/notre-mission\/#breadcrumb\",\"itemListElement\":[{\"@type\":\"ListItem\",\"position\":1,\"name\":\"Home\",\"item\":\"https:\/\/stmarkstpeter.org\/\"},{\"@type\":\"ListItem\",\"position\":2,\"name\":\"Notre Mission\"}]},{\"@type\":\"WebSite\",\"@id\":\"https:\/\/stmarkstpeter.org\/#website\",\"url\":\"https:\/\/stmarkstpeter.org\/\",\"name\":\"St-Mark & St-Peter\",\"description\":\"\",\"publisher\":{\"@id\":\"https:\/\/stmarkstpeter.org\/#organization\"},\"potentialAction\":[{\"@type\":\"SearchAction\",\"target\":{\"@type\":\"EntryPoint\",\"urlTemplate\":\"https:\/\/stmarkstpeter.org\/?s={search_term_string}\"},\"query-input\":{\"@type\":\"PropertyValueSpecification\",\"valueRequired\":true,\"valueName\":\"search_term_string\"}}],\"inLanguage\":\"en-CA\"},{\"@type\":\"Organization\",\"@id\":\"https:\/\/stmarkstpeter.org\/#organization\",\"name\":\"St-Mark & St-Peter\",\"url\":\"https:\/\/stmarkstpeter.org\/\",\"logo\":{\"@type\":\"ImageObject\",\"inLanguage\":\"en-CA\",\"@id\":\"https:\/\/stmarkstpeter.org\/#\/schema\/logo\/image\/\",\"url\":\"https:\/\/stmarkstpeter.org\/wp-content\/uploads\/2020\/02\/CMP_WEB_HRZ_ENG_LEN_ADV.png\",\"contentUrl\":\"https:\/\/stmarkstpeter.org\/wp-content\/uploads\/2020\/02\/CMP_WEB_HRZ_ENG_LEN_ADV.png\",\"width\":422,\"height\":144,\"caption\":\"St-Mark & St-Peter\"},\"image\":{\"@id\":\"https:\/\/stmarkstpeter.org\/#\/schema\/logo\/image\/\"}}]}<\/script>\r\n<!-- \/ Yoast SEO plugin. -->","yoast_head_json":{"title":"Notre Mission - CMP","robots":{"index":"index","follow":"follow","max-snippet":"max-snippet:-1","max-image-preview":"max-image-preview:large","max-video-preview":"max-video-preview:-1"},"canonical":"https:\/\/stmarkstpeter.org\/index.php\/notre-mission\/","og_locale":"en_US","og_type":"article","og_title":"Notre Mission - CMP","og_description":"Notre mission est d\u2019\u00eatre une communaut\u00e9 qui aime Dieu, aimant nos prochains, formant des disciples de J\u00e9sus. \u2022 Nous aimons Dieu \u00e0 travers notre adoration collective et notre mission. \u2022","og_url":"https:\/\/stmarkstpeter.org\/index.php\/notre-mission\/","og_site_name":"CMP","article_modified_time":"2023-02-20T14:20:13+00:00","twitter_card":"summary_large_image","twitter_misc":{"Est. reading time":"1 minute"},"schema":{"@context":"https:\/\/schema.org","@graph":[{"@type":"WebPage","@id":"https:\/\/stmarkstpeter.org\/index.php\/notre-mission\/","url":"https:\/\/stmarkstpeter.org\/index.php\/notre-mission\/","name":"Notre Mission - CMP","isPartOf":{"@id":"https:\/\/stmarkstpeter.org\/#website"},"datePublished":"2021-05-25T17:19:14+00:00","dateModified":"2023-02-20T14:20:13+00:00","breadcrumb":{"@id":"https:\/\/stmarkstpeter.org\/index.php\/notre-mission\/#breadcrumb"},"inLanguage":"en-CA","potentialAction":[{"@type":"ReadAction","target":["https:\/\/stmarkstpeter.org\/index.php\/notre-mission\/"]}]},{"@type":"BreadcrumbList","@id":"https:\/\/stmarkstpeter.org\/index.php\/notre-mission\/#breadcrumb","itemListElement":[{"@type":"ListItem","position":1,"name":"Home","item":"https:\/\/stmarkstpeter.org\/"},{"@type":"ListItem","position":2,"name":"Notre Mission"}]},{"@type":"WebSite","@id":"https:\/\/stmarkstpeter.org\/#website","url":"https:\/\/stmarkstpeter.org\/","name":"St-Mark & St-Peter","description":"","publisher":{"@id":"https:\/\/stmarkstpeter.org\/#organization"},"potentialAction":[{"@type":"SearchAction","target":{"@type":"EntryPoint","urlTemplate":"https:\/\/stmarkstpeter.org\/?s={search_term_string}"},"query-input":{"@type":"PropertyValueSpecification","valueRequired":true,"valueName":"search_term_string"}}],"inLanguage":"en-CA"},{"@type":"Organization","@id":"https:\/\/stmarkstpeter.org\/#organization","name":"St-Mark & St-Peter","url":"https:\/\/stmarkstpeter.org\/","logo":{"@type":"ImageObject","inLanguage":"en-CA","@id":"https:\/\/stmarkstpeter.org\/#\/schema\/logo\/image\/","url":"https:\/\/stmarkstpeter.org\/wp-content\/uploads\/2020\/02\/CMP_WEB_HRZ_ENG_LEN_ADV.png","contentUrl":"https:\/\/stmarkstpeter.org\/wp-content\/uploads\/2020\/02\/CMP_WEB_HRZ_ENG_LEN_ADV.png","width":422,"height":144,"caption":"St-Mark & St-Peter"},"image":{"@id":"https:\/\/stmarkstpeter.org\/#\/schema\/logo\/image\/"}}]}},"_links":{"self":[{"href":"https:\/\/stmarkstpeter.org\/index.php\/wp-json\/wp\/v2\/pages\/2221","targetHints":{"allow":["GET"]}}],"collection":[{"href":"https:\/\/stmarkstpeter.org\/index.php\/wp-json\/wp\/v2\/pages"}],"about":[{"href":"https:\/\/stmarkstpeter.org\/index.php\/wp-json\/wp\/v2\/types\/page"}],"author":[{"embeddable":true,"href":"https:\/\/stmarkstpeter.org\/index.php\/wp-json\/wp\/v2\/users\/2"}],"replies":[{"embeddable":true,"href":"https:\/\/stmarkstpeter.org\/index.php\/wp-json\/wp\/v2\/comments?post=2221"}],"version-history":[{"count":3,"href":"https:\/\/stmarkstpeter.org\/index.php\/wp-json\/wp\/v2\/pages\/2221\/revisions"}],"predecessor-version":[{"id":3148,"href":"https:\/\/stmarkstpeter.org\/index.php\/wp-json\/wp\/v2\/pages\/2221\/revisions\/3148"}],"wp:attachment":[{"href":"https:\/\/stmarkstpeter.org\/index.php\/wp-json\/wp\/v2\/media?parent=2221"}],"curies":[{"name":"wp","href":"https:\/\/api.w.org\/{rel}","templated":true}]}}